{"id":763,"date":"2020-03-22T21:33:01","date_gmt":"2020-03-22T20:33:01","guid":{"rendered":"http:\/\/test.muncel.com\/?post_type=jetpack-testimonial&#038;p=763"},"modified":"2020-03-28T20:47:47","modified_gmt":"2020-03-28T19:47:47","slug":"nenci","status":"publish","type":"jetpack-testimonial","link":"https:\/\/trlika.com\/de\/testimonial\/nenci\/","title":{"rendered":"Nenci, Hu"},"content":{"rendered":"<blockquote class=\"wp-block-quote is-style-large is-layout-flow wp-block-quote-is-layout-flow\"><p>Die Unterkunft ist sauber, geschmackvoll eingerichtet und in einer gro\u00dfartigen Lage. Ich kann nur nette Dinge \u00fcber den Gastgeber sagen, er gab ausgezeichnete Tipps, was zu sehen ist, wo man zum Abendessen sitzen kann. Au\u00dferdem ist R\u00e1b wundersch\u00f6n, wir werden n\u00e4chstes Jahr gehen !!!! <\/p><cite> <a href=\"https:\/\/hr.airbnb.com\/rooms\/1091281?location=Kampor%2C%20Rab%2C%20Hrvatska&amp;source_impression_id=p3_1584890325_uhXA74BTlCqBySkx\">Airbnb<\/a> <\/cite><\/blockquote>","protected":false},"excerpt":{"rendered":"<p>Die Unterkunft ist sauber, geschmackvoll eingerichtet und in einer gro\u00dfartigen Lage. Ich kann nur nette Dinge \u00fcber den Gastgeber sagen, er gab ausgezeichnete Tipps, was zu sehen ist, wo man zum Abendessen sitzen kann. Au\u00dferdem ist R\u00e1b wundersch\u00f6n, wir werden n\u00e4chstes Jahr gehen !!!! <\/p>","protected":false},"featured_media":0,"menu_order":0,"template":"","class_list":["post-763","jetpack-testimonial","type-jetpack-testimonial","status-publish","hentry"],"jetpack_sharing_enabled":true,"jetpack-related-posts":[{"id":11598,"url":"https:\/\/trlika.com\/de\/testimonial\/simone-de\/","url_meta":{"origin":763,"position":0},"title":"Simone, De","author":"Ivica Mikeli\u0107","date":"12. November 2022.","format":false,"excerpt":"Ziemlich perfekt f\u00fcr den Aufenthalt auf Rab! Die 2-geschossige FeWo ist sehr sauber, modern und gem\u00fctlich eingerichtet. Von der Terrasse hat man einen wunderbarem Blick auf die Bucht von Kampor. Alle n\u00f6tigen Dinge sind da. Ivica ist superfreundlich und hilfsbereit, tolle Tipps zur Inselerkundung, zum Einkaufen oder Essengehen. Super Parkplatz\u2026","rel":"","context":"\u00c4hnlicher Beitrag","block_context":{"text":"\u00c4hnlicher Beitrag","link":""},"img":{"alt_text":"","src":"","width":0,"height":0},"classes":[]},{"id":756,"url":"https:\/\/trlika.com\/de\/testimonial\/elisa\/","url_meta":{"origin":763,"position":1},"title":"Elisa, De","author":"Ivica Mikeli\u0107","date":"22. M\u00e4rz 2020.","format":false,"excerpt":"Wir hatten eine tolle Zeit in der Unterkunft von Ivica. Die Wohnung ist sehr sauber und mit allem ausgestattet, was man braucht.","rel":"","context":"\u00c4hnlicher Beitrag","block_context":{"text":"\u00c4hnlicher Beitrag","link":""},"img":{"alt_text":"","src":"","width":0,"height":0},"classes":[]},{"id":11596,"url":"https:\/\/trlika.com\/de\/testimonial\/karin-de\/","url_meta":{"origin":763,"position":2},"title":"Karin, De","author":"Ivica Mikeli\u0107","date":"12. November 2022.","format":false,"excerpt":"Wir haben uns bei Ivica sehr wohl gef\u00fchlt. Er ist ein sehr hilfsbereiter und liebenswerter Vermieter, der steht\u2019s mit Rat und Tat zu Seite steht.Die Wohnung ist sehr gem\u00fctlich und mit allem ausgestattet was man so braucht.Super sind auch die Waschmaschinen, die man jeder Zeit benutzen kann. In unmittelbarer N\u00e4he\u2026","rel":"","context":"\u00c4hnlicher Beitrag","block_context":{"text":"\u00c4hnlicher Beitrag","link":""},"img":{"alt_text":"","src":"","width":0,"height":0},"classes":[]},{"id":1275,"url":"https:\/\/trlika.com\/de\/testimonial\/robert-de\/","url_meta":{"origin":763,"position":3},"title":"Robert, De","author":"Ivica Mikeli\u0107","date":"28. M\u00e4rz 2020.","format":false,"excerpt":"Es war unser bester Aufenthalt in der 14 t\u00e4gigen Rundreise durch Kroatien!!! Danke Ivica (Betreiber) f\u00fcr ALLES! Die Unterkunft ist sehr sauber, modern und mit allem Komfort ausgestattet. Booking.com","rel":"","context":"\u00c4hnlicher Beitrag","block_context":{"text":"\u00c4hnlicher Beitrag","link":""},"img":{"alt_text":"","src":"","width":0,"height":0},"classes":[]},{"id":7354,"url":"https:\/\/trlika.com\/de\/testimonial\/jennifer-gros-de\/","url_meta":{"origin":763,"position":4},"title":"Jennifer Gro\u00df, De","author":"Ivica Mikeli\u0107","date":"8. Januar 2022.","format":false,"excerpt":"Super Gastgeber. Die Ferienwohnung ist super f\u00fcr eine Kleine Familie wir waren dort mit unseren 2 Kindern und es war vom Platz super und sauber.Die Gastgeber sind sehr Herzlich und k\u00fcmmern sich auch bei Nachfrage direkt falls einem was fehlt ect. Wir waren sehr gerne dort und kommen sehr gerne\u2026","rel":"","context":"\u00c4hnlicher Beitrag","block_context":{"text":"\u00c4hnlicher Beitrag","link":""},"img":{"alt_text":"","src":"","width":0,"height":0},"classes":[]},{"id":7312,"url":"https:\/\/trlika.com\/de\/testimonial\/marko-de\/","url_meta":{"origin":763,"position":5},"title":"Marko, De","author":"Ivica Mikeli\u0107","date":"8. Januar 2022.","format":false,"excerpt":"Erwartungen \u00fcbertroffen!Erstklassiger Aufenthalt, es ist kaum zu \u00fcberbieten. Sehr gut ausgestattet, es war alles n\u00f6tige vorhanden, angefangen von Seife und Geschirrsp\u00fchltabs, bis zu gen\u00fcgend Toilettenpapier f\u00fcr 2 Wochen und Obst aus dem eigenen Garten. An alles wurde gedacht. Zimmerausstattung auch gut, 2 Schlafzimmer und jeweils 1 Bad dazu. Fernsehen und\u2026","rel":"","context":"\u00c4hnlicher Beitrag","block_context":{"text":"\u00c4hnlicher Beitrag","link":""},"img":{"alt_text":"","src":"","width":0,"height":0},"classes":[]}],"_links":{"self":[{"href":"https:\/\/trlika.com\/de\/wp-json\/wp\/v2\/jetpack-testimonial\/763","targetHints":{"allow":["GET"]}}],"collection":[{"href":"https:\/\/trlika.com\/de\/wp-json\/wp\/v2\/jetpack-testimonial"}],"about":[{"href":"https:\/\/trlika.com\/de\/wp-json\/wp\/v2\/types\/jetpack-testimonial"}],"version-history":[{"count":4,"href":"https:\/\/trlika.com\/de\/wp-json\/wp\/v2\/jetpack-testimonial\/763\/revisions"}],"predecessor-version":[{"id":1294,"href":"https:\/\/trlika.com\/de\/wp-json\/wp\/v2\/jetpack-testimonial\/763\/revisions\/1294"}],"wp:attachment":[{"href":"https:\/\/trlika.com\/de\/wp-json\/wp\/v2\/media?parent=763"}],"curies":[{"name":"wp","href":"https:\/\/api.w.org\/{rel}","templated":true}]}}

<blockquote class="wp-block-quote is-style-large is-layout-flow wp-block-quote-is-layout-flow"><p>Die Unterkunft ist sauber, geschmackvoll eingerichtet und in einer großartigen Lage. Ich kann nur nette Dinge über den Gastgeber sagen, er gab ausgezeichnete Tipps, was zu sehen ist, wo man zum Abendessen sitzen kann. Außerdem ist Ráb wunderschön, wir werden nächstes Jahr gehen !!!! </p><cite> <a href="https://hr.airbnb.com/rooms/1091281?location=Kampor%2C%20Rab%2C%20Hrvatska&amp;source_impression_id=p3_1584890325_uhXA74BTlCqBySkx">Airbnb</a> </cite></blockquote>

<p>Die Unterkunft ist sauber, geschmackvoll eingerichtet und in einer großartigen Lage. Ich kann nur nette Dinge über den Gastgeber sagen, er gab ausgezeichnete Tipps, was zu sehen ist, wo man zum Abendessen sitzen kann. Außerdem ist Ráb wunderschön, wir werden nächstes Jahr gehen !!!! </p>

Ivica Mikelić

Ziemlich perfekt für den Aufenthalt auf Rab! Die 2-geschossige FeWo ist sehr sauber, modern und gemütlich eingerichtet. Von der Terrasse hat man einen wunderbarem Blick auf die Bucht von Kampor. Alle nötigen Dinge sind da. Ivica ist superfreundlich und hilfsbereit, tolle Tipps zur Inselerkundung, zum Einkaufen oder Essengehen. Super Parkplatz…

Ähnlicher Beitrag

22. März 2020.

Wir haben uns bei Ivica sehr wohl gefühlt. Er ist ein sehr hilfsbereiter und liebenswerter Vermieter, der steht’s mit Rat und Tat zu Seite steht.Die Wohnung ist sehr gemütlich und mit allem ausgestattet was man so braucht.Super sind auch die Waschmaschinen, die man jeder Zeit benutzen kann. In unmittelbarer Nähe…

28. März 2020.

Es war unser bester Aufenthalt in der 14 tägigen Rundreise durch Kroatien!!! Danke Ivica (Betreiber) für ALLES! Die Unterkunft ist sehr sauber, modern und mit allem Komfort ausgestattet. Booking.com

Jennifer Groß, De

Super Gastgeber. Die Ferienwohnung ist super für eine Kleine Familie wir waren dort mit unseren 2 Kindern und es war vom Platz super und sauber.Die Gastgeber sind sehr Herzlich und kümmern sich auch bei Nachfrage direkt falls einem was fehlt ect. Wir waren sehr gerne dort und kommen sehr gerne…

Erwartungen übertroffen!Erstklassiger Aufenthalt, es ist kaum zu überbieten. Sehr gut ausgestattet, es war alles nötige vorhanden, angefangen von Seife und Geschirrspühltabs, bis zu genügend Toilettenpapier für 2 Wochen und Obst aus dem eigenen Garten. An alles wurde gedacht. Zimmerausstattung auch gut, 2 Schlafzimmer und jeweils 1 Bad dazu. Fernsehen und…
